{"id":557,"date":"2022-10-16T15:21:35","date_gmt":"2022-10-16T18:21:35","guid":{"rendered":"http:\/\/cmedica.design.bsb.br\/?post_type=product&#038;p=557"},"modified":"2022-10-17T10:06:23","modified_gmt":"2022-10-17T13:06:23","slug":"ressectoscopio-bipolar-s-watt","status":"publish","type":"product","link":"http:\/\/cmedica.design.bsb.br\/index.php\/produto\/ressectoscopio-bipolar-s-watt\/","title":{"rendered":"Ressectosc\u00f3pio Bipolar S-WATT\u00ae"},"content":{"rendered":"<h4><strong>O Kit\u00a0 inclui: <\/strong><\/h4>\n<hr \/>\n<p>Lorem ipsum dolor sit amet, consectetur adipiscing elit. Fusce in leo ut urna rutrum aliquet id vitae purus. Integer quis magna ut erat maximus tristique. Aenean porta felis ac ullamcorper efficitur. Suspendisse luctus ipsum augue, in congue risus venenatis eu. Fusce iaculis leo eget risus iaculis, at tempor nulla pretium. Nullam malesuada nisl non nibh condimentum placerat. Etiam massa nulla, venenatis eget erat ut, consequat scelerisque ex.<\/p>\n<h4><strong>Mais detalhes:<\/strong><\/h4>\n<hr \/>\n<ul>\n<li>Sed euismod risus eu felis tincidunt, in sagittis mi finibus.<\/li>\n<li>Cras vitae ante id lorem interdum iaculis id bibendum nisl.<\/li>\n<li>Nullam at lorem nisi. Vestibulum ante ipsum primis in faucibus.<\/li>\n<li>Aliquam fringilla sagittis iaculis. Suspendisse potenti.<\/li>\n<li>Suspendisse egestas aliquet nulla vel vehicula.<\/li>\n<\/ul>\n<p><iframe loading=\"lazy\" title=\"Mini Ressectosc\u00f3pio Bipolar de 5mm da KARL STORZ\" width=\"1080\" height=\"608\" src=\"https:\/\/www.youtube.com\/embed\/S_PnaYq6-Bo?feature=oembed\"  allow=\"accelerometer; autoplay; clipboard-write; encrypted-media; gyroscope; picture-in-picture\" allowfullscreen><\/iframe><\/p>\n<div class=\"wrap mcb-wrap one column-margin-40px valign-top clearfix\">\n<div class=\"mcb-wrap-inner\">\n<div class=\"column mcb-column one column_column column-margin-\">\n<div class=\"column_attr clearfix align_left\">\n<h2>Benef\u00edcios para o m\u00e9dico<\/h2>\n<hr \/>\n<\/div>\n<\/div>\n<\/div>\n<\/div>\n<div class=\"wrap mcb-wrap one-second valign-middle clearfix\">\n<div class=\"mcb-wrap-inner\">\n<div class=\"column mcb-column one column_column column-margin-\">\n<div class=\"column_attr clearfix align_left animate fadeInRightLarge\" data-anim-type=\"fadeInRightLarge\">\n<ul>\n<li>Phasellus a arcu molestie purus imperdiet posuere.<\/li>\n<li>Morbi semper mi facilisis sem mollis lobortis.<\/li>\n<li>Nulla quis lectus sed risus porta accumsan in quis ligula.<\/li>\n<li>Fusce a erat at justo porta placerat.<\/li>\n<\/ul>\n<\/div>\n<\/div>\n<\/div>\n<\/div>\n","protected":false},"excerpt":{"rendered":"<p>A Histeroscopia Cir\u00fargica ou Ressectoscopia \u00e9 um procedimento ginecol\u00f3gico minimamente invasivo. Tem como objetivo visualizar a cavidade uterina e tratar algumas patologias benignas que acometem o \u00fatero. Nos casos mais simples, \u00e9 uma cirurgia que pode ser realizada em ambiente ambulatorial sem o uso de anestesia ou, nos casos mais complexos, \u00e9 realizada no centro cir\u00fargico. Este procedimento tem como principais indica\u00e7\u00f5es o tratamento de p\u00f3lipos endometriais, miomas uterinos submucosos pequenos, sin\u00e9quias uterinas e septos uterinos.<\/p>\n","protected":false},"featured_media":561,"template":"","meta":{"_acf_changed":false,"_et_pb_use_builder":"off","_et_pb_old_content":"<h4><strong>O Kit Sling U-TAPE\u00ae\u00a0 inclui:\r\n<\/strong><\/h4>\r\n\r\n<hr \/>\r\n\r\n1 Sling U-TAPE;\r\n1 par de agulhas helicoidais transobturat\u00f3rias de uso exclusivo com o Sistema Sling U-TAPE\u00ae;\r\n1 guia met\u00e1lico para uso na abordagem de dentro para fora (Inside-Out);\r\n1 manual de instru\u00e7\u00f5es de uso.\r\n\r\n\u00a0\r\n<h4><strong>Mais detalhes:<\/strong><\/h4>\r\n\r\n<hr \/>\r\n\r\n<ul>\r\n \t<li>SPM13012 \/ SPM14512 \/ SPM16012<\/li>\r\n \t<li>Comprimento: 30, 45 ou 60cm<\/li>\r\n \t<li>Largura: 1,2cm<\/li>\r\n \t<li>Perfil: 0,28mm<\/li>\r\n \t<li>Porosidade: 1833um<\/li>\r\n \t<li>Peso: 40g\/m\u00b2<\/li>\r\n<\/ul>\r\n[embed]https:\/\/youtu.be\/S_PnaYq6-Bo[\/embed]\r\n<div class=\"wrap mcb-wrap one column-margin-40px valign-top clearfix\">\r\n<div class=\"mcb-wrap-inner\">\r\n<div class=\"column mcb-column one column_column column-margin-\">\r\n<div class=\"column_attr clearfix align_left\">\r\n<h2>Telas Premium<\/h2>\r\n\r\n<hr \/>\r\n\r\n<\/div>\r\n<\/div>\r\n<\/div>\r\n<\/div>\r\n<div class=\"wrap mcb-wrap one-second valign-middle clearfix\">\r\n<div class=\"mcb-wrap-inner\">\r\n<div class=\"column mcb-column one column_column column-margin-\">\r\n<div class=\"column_attr clearfix align_left animate fadeInRightLarge\" data-anim-type=\"fadeInRightLarge\">\r\n<ul>\r\n \t<li>Acabamento premium, com design de borda sofisticado que diminui a agress\u00e3o aos tecidos durante a passagem;<\/li>\r\n \t<li>Estrutura macroporosa que favorece a integra\u00e7\u00e3o aos tecidos;<\/li>\r\n \t<li>Baixo Perfil;<\/li>\r\n<\/ul>\r\n<\/div>\r\n<\/div>\r\n<\/div>\r\n<\/div>\r\n<div class=\"wrap mcb-wrap one-second valign-middle clearfix\">\r\n<div class=\"mcb-wrap-inner\">\r\n<div class=\"column mcb-column one column_column column-margin-\">\r\n<div class=\"column_attr clearfix align_left animate fadeInRightLarge\" data-anim-type=\"fadeInRightLarge\">\r\n<ul>\r\n \t<li>Elasticidade reduzida;<\/li>\r\n \t<li>Loop de encaixe que facilita a inser\u00e7\u00e3o na agulha;<\/li>\r\n \t<li>Dois modelos diferenciados que aumentam o poder de escolha do cirurgi\u00e3o.<\/li>\r\n<\/ul>\r\n<\/div>\r\n<\/div>\r\n<\/div>\r\n<\/div>","_et_gb_content_width":""},"product_cat":[41],"product_tag":[],"acf":[],"_links":{"self":[{"href":"http:\/\/cmedica.design.bsb.br\/index.php\/wp-json\/wp\/v2\/product\/557"}],"collection":[{"href":"http:\/\/cmedica.design.bsb.br\/index.php\/wp-json\/wp\/v2\/product"}],"about":[{"href":"http:\/\/cmedica.design.bsb.br\/index.php\/wp-json\/wp\/v2\/types\/product"}],"wp:featuredmedia":[{"embeddable":true,"href":"http:\/\/cmedica.design.bsb.br\/index.php\/wp-json\/wp\/v2\/media\/561"}],"wp:attachment":[{"href":"http:\/\/cmedica.design.bsb.br\/index.php\/wp-json\/wp\/v2\/media?parent=557"}],"wp:term":[{"taxonomy":"product_cat","embeddable":true,"href":"http:\/\/cmedica.design.bsb.br\/index.php\/wp-json\/wp\/v2\/product_cat?post=557"},{"taxonomy":"product_tag","embeddable":true,"href":"http:\/\/cmedica.design.bsb.br\/index.php\/wp-json\/wp\/v2\/product_tag?post=557"}],"curies":[{"name":"wp","href":"https:\/\/api.w.org\/{rel}","templated":true}]}}