{"id":235,"date":"2021-07-21T16:59:29","date_gmt":"2021-07-21T19:59:29","guid":{"rendered":"http:\/\/cmedica.design.bsb.br\/?post_type=product&#038;p=235"},"modified":"2023-02-15T00:26:38","modified_gmt":"2023-02-15T03:26:38","slug":"turp-loop-tipo-bola","status":"publish","type":"product","link":"http:\/\/cmedica.design.bsb.br\/index.php\/produto\/turp-loop-tipo-bola\/","title":{"rendered":"Eletrodo Bipolar de Corte &#8211; Turp Loop &#8211; Tipo Bola"},"content":{"rendered":"<p>Os eletrodos t\u00eam a finalidade de coagular ou retirar partes do tecido da pr\u00f3stata, podendo ser empregados em procedimentos de ressec\u00e7\u00e3o transuretral da pr\u00f3stata, que \u00e9 a t\u00e9cnica cir\u00fargica minimamente invasiva mais comum para a remo\u00e7\u00e3o de tecidos prost\u00e1ticos.<\/p>\n<p>Importante destacar que a ressec\u00e7\u00e3o transuretral da pr\u00f3stata n\u00e3o requer incis\u00f5es, o que pode reduzir a dor e as complica\u00e7\u00f5es cir\u00fargicas. Al\u00e9m disso, outro benef\u00edcio relevante \u00e9 que o processo de cicatriza\u00e7\u00e3o \u00e9 mais acelerado.<\/p>\n","protected":false},"excerpt":{"rendered":"<h3><em>Produto indicado para procedimentos de histeroscopia.<\/em><\/h3>\n","protected":false},"featured_media":605,"template":"","meta":{"_acf_changed":false,"_et_pb_use_builder":"off","_et_pb_old_content":"","_et_gb_content_width":""},"product_cat":[41,30],"product_tag":[],"acf":[],"_links":{"self":[{"href":"http:\/\/cmedica.design.bsb.br\/index.php\/wp-json\/wp\/v2\/product\/235"}],"collection":[{"href":"http:\/\/cmedica.design.bsb.br\/index.php\/wp-json\/wp\/v2\/product"}],"about":[{"href":"http:\/\/cmedica.design.bsb.br\/index.php\/wp-json\/wp\/v2\/types\/product"}],"wp:featuredmedia":[{"embeddable":true,"href":"http:\/\/cmedica.design.bsb.br\/index.php\/wp-json\/wp\/v2\/media\/605"}],"wp:attachment":[{"href":"http:\/\/cmedica.design.bsb.br\/index.php\/wp-json\/wp\/v2\/media?parent=235"}],"wp:term":[{"taxonomy":"product_cat","embeddable":true,"href":"http:\/\/cmedica.design.bsb.br\/index.php\/wp-json\/wp\/v2\/product_cat?post=235"},{"taxonomy":"product_tag","embeddable":true,"href":"http:\/\/cmedica.design.bsb.br\/index.php\/wp-json\/wp\/v2\/product_tag?post=235"}],"curies":[{"name":"wp","href":"https:\/\/api.w.org\/{rel}","templated":true}]}}